
List the prime factors of 3/(-2) + 0 - (-11340)/120.
3, 31
Suppose 9*j = -431 + 1484. List the prime factors of j.
3, 13
Let s be 5/(4/(-4) + 2). Suppose -s*k + 1 = 6. Let i = k - -17. What are the prime factors of i?
2
Let s(w) = w**3 + 18*w**2 + 26. List the prime factors of s(-15).
701
Suppose 5*u + 8 = 4*u - 3*y, -u + 27 = -4*y. Suppose 639 - 37 = u*x. What are the prime factors of x?
2, 43
Suppose 3*v + 4*a = -a + 15, -4*v - 4*a + 12 = 0. Suppose 3*n = -4*g + 485, v = -3*g + 5*n - 62 + 462. What are the prime factors of g?
5
Suppose -352 = 9*z - 1873. Let y = -3 + 8. Suppose -4*a = -5*r - 45 - z, -y*r + 10 = 0. List the prime factors of a.
2, 7
Let o be (-1)/3 + (-48)/(-9). Let m be 5*2/o + 1. Suppose -26 = -m*l + 13. What are the prime factors of l?
13
Suppose 7*r - r = 18. List the prime factors of 320/6 + 2/r.
2, 3
Let u be 8/60 - (-17)/(-15). Let x(q) = 5*q**3 + 3*q**2 + q - 1. Let g be x(u). What are the prime factors of (-10)/(-15)*(-66)/g?
11
Suppose 1767 = -138*r + 42339. What are the prime factors of r?
2, 3, 7
Suppose 3*r + 2 = -1, -r = -5*p + 1. Suppose p*s = -2*s + 84. Let o = s - 14. List the prime factors of o.
2, 7
Suppose 0 = -3*d + 2*d + 4*n + 39, 5*n = 2*d - 81. Suppose -2*a + 17 + d = -5*g, -a = 4*g - 17. List the prime factors of a.
5
Let z = -815 + 1776. List the prime factors of z.
31
Suppose 4*o - 3*o = 277. Let h = -175 + o. What are the prime factors of h?
2, 3, 17
Let v = 306 + 161. What are the prime factors of v?
467
Suppose 5*u + 940 - 3025 = 0. Suppose -6*q = -189 - u. What are the prime factors of q?
101
Let o(v) = -31*v - 26. Suppose 0 = 7*f - 17*f - 70. What are the prime factors of o(f)?
191
Suppose -1674 = -18*a + 15*a - 3*p, -5*a + 2781 = 2*p. List the prime factors of a.
3, 5, 37
Let d = -1073 + 3385. What are the prime factors of d?
2, 17
Let k(l) = l**2 + 6*l + 10. Let a be k(-4). Let w be (9/a)/(9/12). Let c = 25 + w. List the prime factors of c.
31
Let g(f) = 13*f + 23*f + 4*f + 2 + f. Let u be g(-3). List the prime factors of 14/(-56) - u/4.
2, 3, 5
Suppose 44 = 4*w - 300. Suppose -d = -3*g - w, d = -3*g + 24 + 50. List the prime factors of d.
2, 5
Suppose u + 6 = 2*d, 0 = 4*u - 10 - 6. Suppose d*m = -3*y + 346, -248 = -2*y - m - 15. Let x = -67 + y. What are the prime factors of x?
2, 5
Suppose -2 = 6*x - 2. Let t(m) = 2*m + 74. List the prime factors of t(x).
2, 37
Let c(i) be the first derivative of i**3/3 - 5*i**2 - 3. Let l be c(10). Suppose 5*h - 45 = 2*b, 0 = 4*h - l*h + 4*b - 36. List the prime factors of h.
3
Let z(x) = 4*x**2 - 8*x + 28. List the prime factors of z(20).
2, 367
Suppose 0 = 230*b - 223*b - 7546. What are the prime factors of b?
2, 7, 11
Let z(q) = 1250*q - 21. What are the prime factors of z(1)?
1229
Let k be 2/(-4) - 3/(-6). Suppose k = -n + 96 + 54. Suppose -n = -5*v + 5. What are the prime factors of v?
31
Suppose 0 = -4*a + 31 - 111. Let c = a + 24. List the prime factors of c.
2
Let g(s) be the second derivative of 0 - 1/12*s**4 - 5*s + 1/2*s**2 - 4/3*s**3. What are the prime factors of g(-6)?
13
Suppose 7*x + 5 = 68. Suppose 365 = 5*k + 4*r - x*r, -k + 2*r = -75. What are the prime factors of k?
71
Let i be 7 - (9/(-3))/(-3). Suppose -5*l + 123 = 5*o - 187, -i = 3*l. List the prime factors of o.
2
List the prime factors of (5 - (-85)/(-15))/((-9)/36126).
2, 3, 223
Suppose -5*z = -3*r + 10934, 5*z - 2052 - 8842 = -3*r. List the prime factors of r.
2, 17, 107
Let w(f) be the first derivative of 2*f**3 - 3*f**2 - 11*f - 12. Let d(u) be the first derivative of w(u). List the prime factors of d(6).
2, 3, 11
Let h(b) = -b + 202. Let d = -59 - -59. What are the prime factors of h(d)?
2, 101
Suppose -t - 2 = 0, 5*y - 4*y - 318 = 5*t. What are the prime factors of y?
2, 7, 11
Let h(t) = t**2 - 3*t + 4. Let w be h(7). Suppose 36*u = w*u + 152. Let v = 96 - u. List the prime factors of v.
2, 29
Let l(h) = -h**3 + 5*h**2 + 2*h - 7. Suppose -8 + 28 = 4*j. Let t be l(j). Suppose -5*x + 220 = -q - 4*q, -t*x = -q - 126. List the prime factors of x.
41
Let b(o) = -o**2 - 14*o - 5. Let r be b(-11). Let w = 26 + 6. Let m = w - r. What are the prime factors of m?
2
Suppose 3*r - 53 = -0*r - 4*v, 0 = 3*r + 2*v - 55. Suppose i = 71 + r. List the prime factors of i.
2, 3, 5
Suppose 0 = 3*t - 15. Suppose -t*g + h + 15 + 5 = 0, h - 5 = 0. What are the prime factors of g?
5
Let w = 2274 - 759. What are the prime factors of w?
3, 5, 101
Suppose 11*o = 7*o + 852. What are the prime factors of o?
3, 71
Let h(i) = 3*i**2 + 10*i. Let z be h(-10). Let w = -112 + z. List the prime factors of w.
2, 11
Suppose 4*l = -2*x + 2, 2*l - 5*l + 29 = -4*x. Suppose 2*i = 319 + l. List the prime factors of i.
7, 23
Suppose 10*w = 13*w - 6. Suppose -6*i + 5*m + 150 = -w*i, -5*i + 206 = 3*m. Suppose 2*c + 2*c = i. What are the prime factors of c?
2, 5
Let m(z) = -13*z + 8. Let r be m(-7). Let g = r - 56. List the prime factors of g.
43
Let x be (-3)/(-6) + (-4)/8. Suppose 100 + 97 = 2*g + 3*b, -5*g + 5*b + 505 = x. List the prime factors of g.
2, 5
Let q(j) = -6*j - 16. Let k(s) = -10. Let x(r) = -r - 1. Let m(l) = k(l) + 6*x(l). Let n(i) = -3*m(i) + 4*q(i). List the prime factors of n(-9).
2, 19
List the prime factors of ((-4568)/10)/(48/(-120)).
2, 571
Let a(g) = 5 - 3 + 6 + 8*g**2 + 3*g + g**3. What are the prime factors of a(-7)?
2, 3
Let n(s) = -s**3 - 11*s**2 + 8*s + 37 - 30 - 19 - 22*s. List the prime factors of n(-11).
2, 71
Suppose 0 = -k - 3, 4*g = 3*k - 6*k + 423. List the prime factors of g.
2, 3
Suppose -2*b = -4*p + 9 + 7, 5*b = 0. List the prime factors of 57 + 5/(20/p).
2, 29
Let y(a) = a**3 - 4*a + 3. Let o(t) = 2*t - 6. Let z = -5 + 9. Let h be o(z). List the prime factors of y(h).
3
Let f = 7 + 13. Suppose 0*b - 5*b = 2*i - f, 0 = 2*b - 5*i - 37. List the prime factors of (-9)/b*14/(-3).
7
What are the prime factors of 18873/54 - 6/4?
2, 3, 29
Let s(k) = k**3 + 7*k**2 - 6*k - 16. Let o be s(-7). Suppose -15*v = -14*v - o. List the prime factors of v.
2, 13
Suppose -l = -2*r - 541, 2*l - 3*r - 615 = 468. List the prime factors of l.
3, 181
Let l = 334 - 158. Let x = -10 + l. What are the prime factors of x?
2, 83
Suppose -j = -3*d + 179 - 3, 3*j = 4*d - 228. Let i = 22 + -18. Suppose -2*z = 3*m - d, -i*z - m = -3*z - 32. List the prime factors of z.
2, 3
What are the prime factors of (-1 + -558)*1*-2?
2, 13, 43
Suppose -4*y = 8*g - 7*g + 19, -1 = -2*g + 5*y. Let t = g - -342. What are the prime factors of t?
5, 67
Let o(i) = -19 + 38 + 32*i - 20. List the prime factors of o(2).
3, 7
Suppose -22*x + 21*x - 3*f + 995 = 0, -3*f = -4*x + 3935. List the prime factors of x.
2, 17, 29
Suppose 0 = -12*a + 7*a + 75. Suppose 2*w + a = 45. List the prime factors of 6 - 5*3/w.
5
Suppose -37*p = -72015 + 9855. What are the prime factors of p?
2, 3, 5, 7
Suppose -157 = -5*n + 4*t + 157, 244 = 4*n - 5*t. What are the prime factors of ((-30)/8)/(n/(-5632))?
2, 5
Suppose 215 = -5*p + 1235. What are the prime factors of p?
2, 3, 17
Suppose 0 = -4*u + 5 + 27. Suppose 3*z - t - u = t, -5*z + 14 = -3*t. What are the prime factors of ((-9 + 1)/z)/(-1)?
2
Suppose -w = 9*w - 560. Suppose -13*v + 5*v = -w. What are the prime factors of v?
7
Let z = -25 - -43. Suppose 77 - 2399 = -z*n. What are the prime factors of n?
3, 43
Suppose -5*w + 0*w = -1135. What are the prime factors of w?
227
Suppose 5*b + 30*r - 35*r = 9295, -4*r + 1879 = b. What are the prime factors of b?
3, 23
Suppose -o - 12 = -4*o. Let k(r) = -3*r**2 - o*r**2 - 13 - 3*r**3 + 2*r**3 + 2*r**3 + 5*r. List the prime factors of k(7).
2, 11
Let g(h) = 2*h**2 + 12*h + 8. Let j be g(-6). Let w(m) = -2*m + 18. Let p be w(j). List the prime factors of (p - 0)/(5/10).
2
Let q = -6 + 12. Suppose -q*j + 10*j - 100 = 0. Let z = j + -14. What are the prime factors of z?
11
List the prime factors of 26*((-341)/(-2))/11.
13, 31
Let u = 992 - 578. List the prime factors of u.
2, 3, 23
Let z = 57 + -62. Let f(k) = 3*k**2 + 6*k - 2. What are the prime factors of f(z)?
43
Suppose 5*f - 20522 = -2*w, -292*f + 295*f + 2*w - 12314 = 0. List the prime factors of f.
2, 3, 19
Let a(r) = r**2 + 4*r - 29. Suppose 4*t + 50 = -5*c, -2*t - 33 = 3*c - 3. What are the prime factors of a(c)?
31
Let s(c) = -7*c**3 - 4*c + 5. Let j(p) = -7*p**3 - 3*p + 4. Let v(g) = -7*j(g) + 6*s(g).